hat is the remainder when 34949 is divided by 17282?
385
Calculate the remainder when 21041 is divided by 4207.
6
What is the remainder when 34864 is divided by 108?
88
Calculate the remainder when 42426 is divided by 2357.
0
Calculate the remainder when 1228 is divided by 282.
100
What is the remainder when 152335 is divided by 87?
85
What is the remainder when 3389 is divided by 72?
5
Calculate the remainder when 413509 is divided by 15315.
4
Calculate the remainder when 31433 is divided by 7.
3
Calculate the remainder when 1417 is divided by 211.
151
Calculate the remainder when 292626 is divided by 49.
47
What is the remainder when 702 is divided by 97?
23
Calculate the remainder when 11013 is divided by 3620.
153
Calculate the remainder when 74405 is divided by 74384.
21
What is the remainder when 1386980 is divided by 29?
26
What is the remainder when 51727 is divided by 5172?
7
Calculate the remainder when 57970 is divided by 30.
10
Calculate the remainder when 1993 is divided by 35.
33
What is the remainder when 170629 is divided by 24?
13
Calculate the remainder when 10981 is divided by 98.
5
Calculate the remainder when 3174 is divided by 274.
160
Calculate the remainder when 302238 is divided by 7.
6
What is the remainder when 28998 is divided by 98?
88
Calculate the remainder when 6534 is divided by 200.
134
What is the remainder when 8224 is divided by 819?
34
What is the remainder when 127714 is divided by 367?
365
What is the remainder when 5138 is divided by 144?
98
Calculate the remainder when 9078 is divided by 38.
34
What is the remainder when 81573 is divided by 2549?
5
What is the remainder when 5667 is divided by 280?
67
What is the remainder when 3811 is divided by 387?
328
What is the remainder when 18712 is divided by 154?
78
What is the remainder when 4538 is divided by 3693?
845
Calculate the remainder when 132331 is divided by 1026.
1003
What is the remainder when 46862 is divided by 24?
14
Calculate the remainder when 75070 is divided by 102.
100
Calculate the remainder when 989310 is divided by 20.
10
What is the remainder when 3640 is divided by 2712?
928
What is the remainder when 3719 is divided by 626?
589
Calculate the remainder when 13357 is divided by 342.
19
Calculate the remainder when 6384 is divided by 10.
4
What is the remainder when 24697 is divided by 393?
331
Calculate the remainder when 457324 is divided by 81.
79
Calculate the remainder when 9623 is divided by 647.
565
What is the remainder when 9897 is divided by 14?
13
What is the remainder when 16967 is divided by 24?
23
What is the remainder when 158916 is divided by 29?
25
Calculate the remainder when 3004 is divided by 1492.
20
What is the remainder when 559 is divided by 113?
107
What is the remainder when 15037 is divided by 235?
232
What is the remainder when 101632 is divided by 33868?
28
Calculate the remainder when 3280 is divided by 181.
22
What is the remainder when 2672 is divided by 408?
224
Calculate the remainder when 2549 is divided by 90.
29
What is the remainder when 6903 is divided by 429?
39
What is the remainder when 1913 is divided by 1879?
34
What is the remainder when 4779 is divided by 719?
465
Calculate the remainder when 171443 is divided by 182.
181
What is the remainder when 25012 is divided by 368?
356
Calculate the remainder when 6480 is divided by 145.
100
Calculate the remainder when 3163721 is divided by 41.
38
Calculate the remainder when 176398 is divided by 600.
598
Calculate the remainder when 1594 is divided by 1488.
106
What is the remainder when 51845 is divided by 850?
845
What is the remainder when 3860 is divided by 256?
20
Calculate the remainder when 121439 is divided by 294.
17
Calculate the remainder when 5954 is divided by 54.
14
What is the remainder when 893757 is divided by 304?
301
Calculate the remainder when 1205 is divided by 97.
41
What is the remainder when 66416 is divided by 295?
41
What is the remainder when 329212 is divided by 64?
60
What is the remainder when 4672 is divided by 25?
22
Calculate the remainder when 179297 is divided by 22406.
49
What is the remainder when 14857 is divided by 14842?
15
What is the remainder when 6474 is divided by 923?
13
Calculate the remainder when 44665 is divided by 31.
25
What is the remainder when 48968 is divided by 9?
8
Calculate the remainder when 26102 is divided by 342.
110
Calculate the remainder when 229448 is divided by 1334.
0
What is the remainder when 31644 is divided by 21?
18
What is the remainder when 101624 is divided by 178?
164
What is the remainder when 19727 is divided by 3940?
27
What is the remainder when 17911 is divided by 1798?
1729
What is the remainder when 26577 is divided by 3312?
81
What is the remainder when 109033 is divided by 410?
383
What is the remainder when 1359 is divided by 1336?
23
Calculate the remainder when 46260 is divided by 23124.
12
Calculate the remainder when 667883 is divided by 133573.
18
Calculate the remainder when 3740 is divided by 1863.
14
What is the remainder when 14339 is divided by 1165?
359
What is the remainder when 651896 is divided by 26?
24
What is the remainder when 34343 is divided by 304?
295
Calculate the remainder when 43241 is divided by 51.
44
What is the remainder when 212654 is divided by 119?
1
Calculate the remainder when 12656 is divided by 204.
8
Calculate the remainder when 32372 is divided by 5192.
1220
Calculate the remainder when 12835 is divided by 24.
19
What is the remainder when 27833 is divided by 69?
26
Calculate the remainder when 66463 is divided by 15.
13
What is the remainder when 631 is divided by 167?
130
What is the remainder when 15294 is divided by 225?
219
What is the remainder when 10575 is divided by 390?
45
What is the remainder when 16774 is divided by 729?
7
What is the remainder when 4627 is divided by 2301?
25
What is the remainder when 1200674 is divided by 249?
245
Calculate the remainder when 1363067 is divided by 324.
323
Calculate the remainder when 10239 is divided by 142.
15
What is the remainder when 379062 is divided by 555?
552
Calculate the remainder when 131793 is divided by 43.
41
What is the remainder when 743 is divided by 65?
28
What is the remainder when 23397 is divided by 559?
478
What is the remainder when 1361 is divided by 375?
236
Calculate the remainder when 24899 is divided by 8298.
5
Calculate the remainder when 20564 is divided by 685.
14
What is the remainder when 6235529 is divided by 690?
689
What is the remainder when 158661 is divided by 8?
5
Calculate the remainder when 549029 is divided by 274492.
45
What is the remainder when 118284 is divided by 876?
24
Calculate the remainder when 32398 is divided by 61.
7
Calculate the remainder when 44239 is divided by 2602.
5
What is the remainder when 36447 is divided by 34?
33
Calculate the remainder when 422692 is divided by 123.
64
Calculate the remainder when 3826 is divided by 956.
2
What is the remainder when 3383 is divided by 266?
191
Calculate the remainder when 5198 is divided by 1732.
2
Calculate the remainder when 2476 is divided by 437.
291
Calculate the remainder when 405314 is divided by 11.
8
What is the remainder when 34909 is divided by 4310?
429
Calculate the remainder when 3254 is divided by 177.
68
What is the remainder when 13903 is divided by 115?
103
What is the remainder when 92195 is divided by 394?
393
What is the remainder when 114057 is divided by 511?
104
Calculate the remainder when 101313 is divided by 33766.
15
What is the remainder when 394 is divided by 367?
27
What is the remainder when 1787 is divided by 32?
27
Calculate the remainder when 15442 is divided by 3846.
58
Calculate the remainder when 34856 is divided by 17425.
6
Calculate the remainder when 22601 is divided by 328.
297
What is the remainder when 17199 is divided by 483?
294
Calculate the remainder when 8353 is divided by 4149.
55
What is the remainder when 106874 is divided by 43?
19
What is the remainder when 1239 is divided by 78?
69
Calculate the remainder when 480 is divided by 104.
64
Calculate the remainder when 1649 is divided by 349.
253
Calculate the remainder when 4507 is divided by 452.
439
What is the remainder when 1513848 is divided by 1370?
1368
Calc